ppose -3*s + 8*s = -4*p + 40, 4*p + 2*s = t. Calculate the greatest common divisor of 25 and p.
5
Let b = 49 - 45. Calculate the highest common factor of b and 44.
4
Let n = -242 - -395. Calculate the highest common factor of 9 and n.
9
Suppose 6*d - 3*d = -981. Let y = -143 - d. What is the greatest common factor of y and 23?
23
Let j = 151 - -100. Let b = j + -166. Let s = 0 + 17. What is the highest common divisor of s and b?
17
Let o = -7 - -19. Let r = o - -24. What is the greatest common factor of r and 6?
6
Suppose 2*h + 38 = -22. Let c = h + 62. Calculate the greatest common divisor of c and 16.
16
Let z(c) = 10*c**2 - 4*c - 4. Suppose 3 = 2*h - 1. Suppose 12 = h*x - 6*x. Let i be z(x). What is the greatest common divisor of 14 and i?
14
Let m(u) = -u**3 + 4*u**2 + 15*u - 11. Let p be m(6). What is the greatest common divisor of 49 and p?
7
Let s(z) = z**2 + 4*z + 22. Let l be s(0). What is the greatest common factor of 2 and l?
2
Suppose -4*q + 130 = -14. Suppose 0 = -5*f - 9 + 24. Suppose -f*s + q = -3. Calculate the greatest common factor of s and 39.
13
Let z = -23 + 35. Suppose 0 = w - 75 + 45. Calculate the highest common factor of z and w.
6
Let p be 32 + 0 - (0 + (-3 - -7)). What is the highest common factor of p and 14?
14
Let i = 16 + 2. Suppose -o = 4*y - 146, -2*o + y = 2*o - 652. What is the highest common divisor of i and o?
18
Let h(k) = 4*k**3 - 2*k**2 + k + 2. Let p be h(2). Calculate the greatest common factor of 14 and p.
14
Suppose 92 = o + 3*k + k, 5*o = -3*k + 443. Let l(c) = 10*c**2 + 4*c + 5. Let f be l(-1). What is the highest common divisor of o and f?
11
Suppose -23 = -v - 5*y, 3*v - 9 = -0*v + 5*y. What is the greatest common factor of v and 56?
8
Suppose -w = -5*w + 384. Calculate the highest common divisor of w and 12.
12
Suppose 0 = 6*s - 9*s + 45. What is the greatest common factor of 180 and s?
15
Suppose 10 = 5*d - 0*d. Suppose d - 12 = -2*n. What is the greatest common divisor of 1 and n?
1
Suppose -4*c + 4*q + 164 = 0, 0 = 2*c - q - 11 - 69. Suppose -3*s + 49 = 4*n - 2*n, 5*n = -4*s + 77. Calculate the highest common divisor of c and s.
13
Suppose 0 = -3*b + 5*b - 40. Calculate the highest common divisor of 20 and b.
20
Let b(c) = c**3 - 3*c**2 + c + 2. Let l be b(2). Let f = l + 11. Let n = -3 + f. What is the greatest common divisor of n and 4?
4
Let l be 16 - (4/(-5))/(2/5). Calculate the greatest common factor of 18 and l.
18
Suppose -2*g - 2*c + 20 = 0, -3*g + 3 = -5*c - 67. Let z = g - -7. Calculate the highest common factor of z and 66.
22
Suppose -4*a = 2*r + 2*r + 8, -3*a - 2 = 2*r. Suppose a*x + 23 = 113. Suppose -2*j = 8, 4*k - 2*j - 37 = -9. What is the greatest common divisor of k and x?
5
Let g be (21/(-2))/((-9)/12). Suppose -6*n + 25 = -59. Let f = 21 - n. What is the greatest common divisor of f and g?
7
Suppose 3*i - 28 = 5*g, -2*i = i - g - 8. Let t be 9 - (1 - 2)*i. Suppose 5*l + 14 = q, q + 12 = 3*q - 2*l. Calculate the highest common factor of q and t.
2
Let h = 61 + -5. What is the highest common factor of h and 42?
14
Let y(h) = -16*h - 1. Let q be -2*((-3)/2 - -2). Let b be y(q). Let l be (-1)/(-2) - 89/(-2). Calculate the greatest common divisor of l and b.
15
Suppose 8*w - 70 = 3*w. Calculate the highest common factor of 56 and w.
14
Suppose -5*p + f + 38 = 0, 3*p - f + 42 = 8*p. Let r be ((-3)/5)/((-3)/(-15)). Let t be -12*(7/3 + r). Calculate the greatest common factor of p and t.
8
Let k be 2/(-4)*-1*0. Suppose -5*m = -5, r + 2*m + 0 - 10 = k. What is the highest common factor of 12 and r?
4
Let y(w) = -w**2 - 1 - 12*w - 3*w + 5*w. Let b be y(-9). What is the highest common factor of 88 and b?
8
Suppose -8 - 11 = f. Let d be 1*f - (-4)/2. Let h = d + 26. What is the greatest common factor of 81 and h?
9
Let p be (-62)/(-4)*6 - 3. What is the greatest common divisor of 18 and p?
18
Suppose -m + 70 = 25. Let p(u) = u**3 - 6*u**2 + 5*u. Let v be -1 - (14/2)/(-1). Let d be p(v). What is the greatest common divisor of d and m?
15
Suppose 5*j - 6 = 19. Suppose -j*d - 28 = -s, -2*d = s + 2*d + 17. Calculate the greatest common divisor of 33 and s.
3
Let m = 9 + -16. Suppose 3 - 105 = -5*c - f, -5*f = -3*c + 50. Let t = m + c. What is the greatest common factor of 91 and t?
13
Suppose -3*t - 8 = t. Let s be (16 - 0) + t + 2. What is the highest common divisor of 24 and s?
8
Suppose 2*n = -2*o + 3*n + 256, 5*n = o - 119. Let g = -85 + o. Let r = g - -89. Calculate the greatest common factor of r and 19.
19
Let g = -4 - -5. Let p be ((-160)/4)/(-2 + g). Suppose -3*h - 25 = -j, 3*h = -4*j + 60 - 5. What is the highest common factor of j and p?
8
Let c = -13 - -16. Suppose -462 = -c*w + 3*u, 2*w + u + 2*u = 288. Calculate the highest common factor of 60 and w.
30
Suppose 4*n - 17 = -3*p, -2*p + 6 = 2*n - 0*p. Calculate the greatest common divisor of 24 and n.
8
Suppose x = 3 - 1. Let f(m) = -6*m**2 + 3*m**3 - 2*m**3 + 5 + 2 - x*m. Let b be f(7). What is the greatest common divisor of b and 7?
7
Let p(y) = 6*y - 33. Let t(m) = m. Let b(c) = -p(c) + 5*t(c). Let q be b(0). Calculate the highest common factor of q and 22.
11
Let j(f) = -15*f + 5. Let t be 2 + (1 + -7)*1. Let i be j(t). Calculate the highest common divisor of 26 and i.
13
Let t = 27 + 57. Suppose 0 = -x + 5*x - 84. Calculate the greatest common factor of t and x.
21
Let n be 1253/28 - (-3)/12. Calculate the greatest common factor of n and 9.
9
Suppose -2*c + 3*y + 13 = 0, 3*y = c - 4*c - 3. Suppose 4*r = c*n - 40, -n + r + 15 + 0 = 0. What is the greatest common factor of 5 and n?
5
Let g be 1*(1 - 2)*-5. Let z = -37 - 49. Let w = -51 - z. What is the greatest common divisor of w and g?
5
Let c = -42 - -61. Suppose -763 = -4*y + 73. What is the greatest common factor of y and c?
19
Let n be -1 - (-1 - 2) - -1. Let s be n*6/9 - -76. Suppose 2*h - 4*v = s, 100 = 5*h + 4*v - 53. Calculate the greatest common divisor of 3 and h.
3
Let j(h) = -h**3 + h**2 - h + 16. Suppose 3*u + 0*u - 24 = 0. Let w = 8 - u. Let b be j(w). Calculate the greatest common factor of b and 4.
4
Suppose -p + 6*p + 1 = 2*s, -3*p - 3 = 0. Let z(k) = -22*k**3 + 4*k**2 + 2*k - 1. Let i be z(s). Calculate the highest common factor of i and 17.
17
Let g = 65 + -32. Suppose v + 4*a - 6 = 0, 3*v - 5 = a - 0*a. Let x be ((-12)/8)/(v/(-4)). Calculate the greatest common factor of g and x.
3
Suppose 5*a - 4*a - 70 = 0. What is the highest common factor of a and 14?
14
Suppose -3*h = -4*f + 310, -4*f + 3*h = f - 386. Calculate the highest common factor of f and 114.
38
Let n be ((-36)/21)/((-10)/35). Calculate the greatest common factor of 78 and n.
6
Suppose 36*u - 31*u - 540 = 0. Calculate the highest common factor of u and 12.
12
Let v = -16 - -35. What is the greatest common factor of 133 and v?
19
Suppose 0 = f - 7 + 5. Let d = 2 + 1. Suppose -i + d = f*i. Calculate the highest common factor of i and 5.
1
Let p = -8 - -12. Let m(n) = 2*n**2 + 7*n - 5. Let k be m(p). Suppose 3*t - 11 = -g, 3*g - 25 = -7*t + 2*t. Calculate the highest common divisor of g and k.
5
Suppose v - 27 = -0*v. Calculate the greatest common divisor of v and 9.
9
Let u = -57 + 61. Calculate the greatest common factor of 14 and u.
2
Let l(x) = x**2. Let v(c) = 4*c**2 + c. Let z(g) = -l(g) + v(g). Let j be z(-4). Suppose -56 + 1 = -5*q. Calculate the greatest common factor of j and q.
11
Suppose i = 4*y - 4*i - 92, 0 = 2*y - 2*i - 44. Let n = -3 + y. What is the highest common divisor of 10 and n?
5
Let i be 6*12/(-18) + 24 + 0. What is the highest common divisor of 220 and i?
20
Let k be 4/6 + 163/3. Let n(j) be the first derivative of -5*j**4/4 + j**3/3 + j**2/2 + 2. Let d be n(-1). What is the highest common factor of d and k?
5
Suppose -g + 0*g = 5. Let u = g + 9. Suppose -113 = -2*r - 5*d, 0 = 5*r - 2*r - 3*d - 117. What is the greatest common divisor of r and u?
4
Suppose k - 14 = 2*b, 3*k - 4*b - 42 = -8*b. Let z = 0 - -2. Calculate the highest common divisor of k and z.
2
Let l be 4/14 - ((-4296)/28)/2. What is the highest common factor of 7 and l?
7
Suppose 0*r - 22 = -3*a - 4*r, -5*r + 30 = 4*a. Let p = 28 - a. Suppose -2*y + 90 = -y. Calculate the greatest common divisor of p and y.
18
Let b = 36 - 27. What is the greatest common divisor of b and 3?
3
Let t be 21/1 - 0/1